d - 1271. What is k(-43)?
-411
Let z(v) = -57*v**3 - 4*v**2 + 110*v + 110. Calculate z(-1).
53
Let m(x) = 76903*x - 10997131. Give m(143).
-2
Let o(x) = -3*x**3 + 75*x**2 + 62*x + 17. Calculate o(26).
-399
Let p(w) = -5*w**2 - 324*w - 2318. Give p(-57).
-95
Let o(w) = 2*w**2 + 147*w - 16095. Determine o(61).
314
Let o(v) = 2375*v - 33679. What is o(13)?
-2804
Let k(u) = -u**3 - 49*u**2 + 54*u + 94. Give k(-50).
-106
Let y(d) = d**3 + 200*d**2 - 2948*d - 669. Calculate y(14).
3
Let s(x) = -619*x + 19230. Determine s(31).
41
Let p(k) = -k**3 - 31*k**2 + 275*k + 9028. What is p(-30)?
-122
Let n(b) = 4*b**3 - 2715*b**2 + 16143*b + 7. What is n(6)?
-11
Let g(p) = p**2 + 24*p - 2037. What is g(44)?
955
Let r(k) = 4*k**3 + 57*k**2 - 67*k - 19. Determine r(-17).
-2059
Let i(a) = -2*a**2 + 476*a - 18239. Give i(48).
1
Let i(w) = 6167*w + 252807. Give i(-41).
-40
Let s(h) = -h**3 + 3*h**2 + 53*h + 152. Determine s(9).
143
Let r(p) = 12*p**3 + 5416*p**2 - 148930*p + 29. Calculate r(26).
-23
Let j(h) = -2*h**2 - 60598*h - 121195. What is j(-2)?
-7
Let k(z) = -20*z**3 + 10*z**2 - 729*z - 1487. What is k(-2)?
171
Let y(j) = 31078*j + 217569. What is y(-7)?
23
Let l(g) = g**2 - 153*g + 4612. Determine l(45).
-248
Let b(c) = -5*c + 1306. Calculate b(23).
1191
Let w(n) = -19*n**2 + 4955*n + 4976. Calculate w(-1).
2
Let o(l) = 586*l + 2373. Give o(-10).
-3487
Let t(x) = 162*x - 11330. Determine t(70).
10
Let l(j) = 52120*j - 1980556. Calculate l(38).
4
Let x(o) = -o**3 + 28*o**2 - 4591*o + 123259. Calculate x(27).
31
Let p(l) = -24*l**2 - 9233*l - 42941. Determine p(-380).
-1
Let r(x) = 1646*x - 852. Give r(1).
794
Let t(r) = r**3 - 11*r**2 - 336*r - 324. Determine t(-1).
0
Let v(n) = -n**2 + 31*n + 1235. What is v(-23)?
-7
Let u(n) = n**2 + 1416*n - 241774. What is u(154)?
6
Let r(n) = 21223*n + 39081. Give r(-2).
-3365
Let g(p) = p**2 - 835*p + 12299. Calculate g(15).
-1
Let f(p) = -p**3 - 591*p**2 - 27542*p + 8. Give f(-51).
110
Let t(l) = 37065*l - 1149011. Determine t(31).
4
Let p(z) = -29481*z - 29492. What is p(-1)?
-11
Let o(t) = -t**2 - 1190*t - 44702. Determine o(-39).
187
Let h(b) = b**3 - 44*b**2 + 197*b + 2445. What is h(13)?
-233
Let p(o) = o**2 - 717*o + 7102. Give p(10).
32
Let c(g) = 1179*g**2 - 29478*g + 94. Determine c(25).
19
Let o(y) = -317*y + 1187. Calculate o(4).
-81
Let r(x) = 3*x**3 + 100*x**2 + 155*x + 3978. Determine r(-33).
-48
Let f(p) = p**3 - 322*p**2 + 4308*p + 1233. Calculate f(308).
1
Let s(y) = -71*y**2 + 23434*y - 1233. Determine s(330).
87
Let p(j) = 239*j**2 - 565*j - 9. Calculate p(2).
-183
Let q(i) = i**3 - 58*i**2 + 514*i + 77. What is q(47)?
-64
Let w(o) = -2*o**2 + 1772*o + 28911. Determine w(-16).
47
Let l(g) = g**2 + 21234*g - 1085531. Give l(51).
4
Let c(s) = -2*s**3 + 286*s**2 - 1098*s - 1984. What is c(139)?
-38
Let q(p) = 20684*p + 372284. Calculate q(-18).
-28
Let c(g) = -g**2 + 196*g - 2025. What is c(186)?
-165
Let b(c) = 7*c**2 - 1313*c + 7114. Determine b(182).
16
Let s(i) = -i**3 - 15*i**2 + 478*i + 7167. Determine s(-15).
-3
Let v(w) = 32*w**2 + 1780*w + 9535. Calculate v(-6).
7
Let h(o) = -o**2 - 661*o - 103232. Determine h(-255).
298
Let f(a) = 4*a**2 + 307*a + 1486. What is f(-5)?
51
Let c(z) = 18*z**2 + 23615*z + 45870. Calculate c(-1310).
20
Let r(w) = -18*w**2 + 2360*w - 25943. Calculate r(119).
-1
Let u(o) = o**3 - 193*o**2 + 3907*o + 508. Give u(170).
-2
Let a(s) = 24*s**2 - 387*s + 393. Calculate a(15).
-12
Let t(q) = -q**3 - 50*q**2 - 29797*q - 1489848. What is t(-50)?
2
Let z(t) = t**2 + 77753*t + 621987. Give z(-8).
27
Let v(j) = 179129*j - 537664. Give v(3).
-277
Let p(w) = -85*w**2 - 259*w - 420. What is p(-2)?
-242
Let i(r) = -75*r**3 - 708*r**2 + 682*r + 26. Give i(1).
-75
Let l(v) = v**3 + 135*v**2 + 1617*v + 2797. Determine l(-11).
14
Let c(t) = -420*t + 908. What is c(2)?
68
Let k(z) = z**3 - 7*z**2 + 118*z - 350. Determine k(4).
74
Let q(a) = -a**3 - 133*a**2 + 819*a - 649. Give q(5).
-4
Let z(w) = -2*w**2 + 8003*w - 183008. Calculate z(23).
3
Let y(o) = 135*o + 16784. What is y(-114)?
1394
Let a(m) = 7797*m**2 + 23395*m - 5. Determine a(-3).
-17
Let j(a) = -11*a**3 - 44*a**2 - 14*a + 61. Determine j(-6).
937
Let y(k) = k**3 - 86*k**2 - 312*k - 570. Calculate y(90).
3750
Let q(p) = -p**3 + 4*p**2 + 94660*p - 473300. What is q(5)?
-25
Let d(h) = 2*h**2 + 646*h - 21168. What is d(30)?
12
Let k(a) = -61*a**2 + 1483*a - 420. Determine k(24).
36
Let s(y) = -y**2 + 2561*y + 17962. Determine s(-7).
-14
Let r(n) = 364*n - 27867. Calculate r(76).
-203
Let k(d) = 18*d - 4144. Give k(232).
32
Let d(w) = 3*w**2 + 40*w + 118. Give d(12).
1030
Let s(c) = -c**3 + 91*c**2 + 1662*c - 7619. Determine s(106).
13
Let o(c) = c**2 - 660*c + 7417. Give o(11).
278
Let m(l) = l**2 + 34020*l - 612707. Determine m(18).
-23
Let p(i) = 3*i**2 + 8809*i + 79043. What is p(-9)?
5
Let a(o) = 12*o**2 + 432*o + 788. Give a(-35).
368
Let s(u) = 41*u**3 + 24*u**2 + 3*u - 28. Calculate s(-3).
-928
Let r(y) = y**3 - 12*y**2 - 7*y - 65. What is r(14)?
229
Let m(t) = -94606*t - 20813317. Give m(-220).
3
Let p(z) = -z**3 - 29*z**2 - 373*z - 14289. Give p(-33).
2376
Let v(l) = 802*l**2 + 9630*l + 66. Calculate v(-12).
-6
Let w(y) = -9*y**3 - 25*y**2 - 195*y - 321. What is w(-4)?
635
Let j(r) = 4*r**3 - 74*r + 191. Determine j(5).
321
Let c(p) = p**3 + 310*p**2 - 105569*p + 3121. Determine c(-515).
31
Let p(q) = q**3 - 94*q**2 + 1875*q - 1. Calculate p(29).
-291
Let f(d) = d**3 - 184*d**2 - 943*d - 418. What is f(189)?
-40
Let w(u) = 17*u**2 + 351*u - 110. Calculate w(-21).
16
Let r(d) = -174*d - 7321. Give r(-42).
-13
Let h(u) = u**2 - 11137*u + 55679. Determine h(5).
19
Let l(o) = 53*o**2 - 397*o - 5. Give l(6).
-479
Let t(z) = -372*z + 7952. What is t(21)?
140
Let t(a) = 5*a**3 + 301*a**2 + 66*a - 129. Determine t(-60).
-489
Let k(d) = -4132*d + 12402. What is k(3)?
6
Let z(d) = -649*d - 15042. Calculate z(-22).
-764
Let z(i) = 2*i**2 - 2336*i + 260745. Give z(1043).
-5
Let z(f) = -16*f**2 + 1316*f + 2042. Determine z(82).
2370
Let h(u) = 313*u - 186204. Calculate h(595).
31
Let k(m) = -m**3 + 2*m**2 - 2724*m + 251. What is k(0)?
251
Let f(t) = -2*t**2 - 93*t + 3201. What is f(-39)?
3786
Let y(s) = -3*s**2 - 1373*s - 21206. What is y(-16)?
-6
Let q(g) = 411419*g - 11931151. Give q(29).
0
Let s(u) = 225*u**2 + 711*u - 1172. Determine s(-4).
-416
Let h(u) = 7*u**2 + 319*u + 1874. What is h(-6)?
212
Let a(d) = 2*d**2 + 2135*d + 48162. Give a(-23).
115
Let y(c) = 194556*c - 583670. What is y(3)?
-2
Let x(y) = -y**2 - 191*y - 5017. What is x(-31)?
-57
Let w(r) = -917*r + 1530. Calculate w(2).
-304
Let i(g) = -g**3 + 35*g**2 - 256*g - 33. What is i(12)?
207
Let d(x) = 981*x + 1952. What is d(-2)?
-10
Let x(h) = -4*h**2 + 113*h + 786. What is x(-6)?
-36
Let f(x) = 80298*x - 481790. Give f(6).
-2
Let g(y) = -2*y**3 + 435*y**2 - 1509*y + 2343. Determine g(214).
-11
Let u(x) = -8*x**3 + 503*x**2 + 565*x + 710. Give u(64).
6
Let s(x) = -9*x**3 + 2*x**2 + 35*x + 74. Calculate s(-4).
542
Let t(c) = 3*c**3 + 50*c**2 + 156*c + 2105. Calculate t(-20).
-5015
Let l(w) = 16387*w + 5260228. Determine l(-321).
1
Let y(f) = 12*f**3 + 397*f**2 + 37*f + 151. Calculate y(-33).
19
Let v(u) = 540*u**2 - 59405*u + 544. Calculate v(110).
-6
Let k(y) = 2*y**3 + 422*y**2 + 6*y + 90. Calculate k(0).
90
Let x(l) = 9740*l - 87674. Give x(9).
-14
Let k(j) = -5544*j**2 + 654206*j - 1653. Calculate k(118).
-1
Let b(h) = 10*h**2 + 1197*h + 3633. Give b(-116).
-659
Let v(m) = m**2 - 47*m - 27824. What is v(192)?
16
Let r(a) = -a**3 - 224*a**2 + 1863*a - 54587. Give r(-233).
-65
Let n(k) = 1949*k**2 + 25336*k + 163. Give n(-13).
176
Let o(l) = 314*l + 14106. Give o(-48).
-966
Let q(j) = 5*j**2 - 96*j + 523. Calculate q(6).
127
Let k(a) = -304052*a + 1824298. Determine k(6).
-14
Let j(b) = 1741*b - 262. Determine j(0).
-262
Let u(b) = -8*b**2 - 759*b + 4702. Give u(6).
-140
Let x(a) = 153*a**2 + 12224*a - 1287. Give x(-80).
-7
Let q(h) = -4053*h + 56956. Give q(14).
214
Let i(u) = -6*u**2 - 1514*u + 94243. What is i(-304)?
3
Let u(w) = 2*w**2 - 11*w - 25. Determine u(17).
366
Let z(h) = -15653*h**2 - 892204*h + 979. Determine z(-57).
10
Let q(u) = u**3 + 11*u**2 - 63*u - 12. What is q(-15)?
33
Let p(z) = 6*z**2 + 114*z - 145. Determine p(-19).
-145
Let d(q) = 2